{"id":6,"date":"2025-02-08T12:18:28","date_gmt":"2025-02-08T12:18:28","guid":{"rendered":"https:\/\/www.standupsuomi.com\/?page_id=6"},"modified":"2026-04-09T19:38:03","modified_gmt":"2026-04-09T16:38:03","slug":"stand-up-suomi","status":"publish","type":"page","link":"https:\/\/www.standupsuomi.com\/","title":{"rendered":""},"content":{"rendered":"<div class=\"wp-block-image is-style-default\">\n<figure class=\"alignright size-full\"><img loading=\"lazy\" decoding=\"async\" width=\"300\" height=\"300\" src=\"https:\/\/www.standupsuomi.com\/wp-content\/uploads\/2025\/04\/kalenteri.jpeg\" alt=\"\" class=\"wp-image-25\" srcset=\"https:\/\/www.standupsuomi.com\/wp-content\/uploads\/2025\/04\/kalenteri.jpeg 300w, https:\/\/www.standupsuomi.com\/wp-content\/uploads\/2025\/04\/kalenteri-150x150.jpeg 150w\" sizes=\"auto, (max-width: 300px) 100vw, 300px\" \/><\/figure>\n<\/div>\n\n\n<p>T\u00e4lt\u00e4 sivulta l\u00f6yd\u00e4t k\u00e4tev\u00e4sti stand up -keikat ymp\u00e4ri Suomen!<br><br>Tapahtumapaikan nime\u00e4 klikkaamalla n\u00e4et Google Maps -hakutuloksen paikan nimell\u00e4. Klikkamalla kunkin tapahtuman alla olevaa Facebook-linkki\u00e4 n\u00e4et t\u00e4ydet tapahtumatiedot.<\/p>\n\n\n\n<p>Haluatko oman Stand Up -tapahtumasi n\u00e4kyviin kalenteriin? L\u00e4het\u00e4 linkki tapahtumasi Facebook-eventiin&nbsp;<a href=\"https:\/\/m.me\/standupkalenteri.fi\">Messengerin kautta<\/a>&nbsp;tai meilitse&nbsp;<a href=\"mailto:standupkalenteri@ekkuli.net\">standupkalenteri@ekkuli.net<\/a>.<\/p>\n\n\n\n<p>Varmistathan tapahtuman tiedot kunkin tapahtuman yhteydess\u00e4 olevasta Facebook-linkist\u00e4.<\/p>\n\n\n\n<p><strong>Uutta: <\/strong>Jos j\u00e4rjestelm\u00e4 tunnistaa tapahtumakaupungin, merkitsee se tapahtuman kaupunkiin liittyv\u00e4ll\u00e4 taustav\u00e4rill\u00e4. Valitettavasti aivan aukoton kaupungin tunnistus ei ole, joten esimerkiksi osa Helsingiss\u00e4 j\u00e4rjestett\u00e4vist\u00e4 tapahtumista voi olla my\u00f6s valkoisella pohjalla.<\/p>\n\n\n\n<div style=\"background-color: #90EE90; padding: 10px; border-radius: 5px;\"><span style=\"color: #90EE90;\"><\/span> Helsinki, Espoo, Vantaa<\/div>\n        <div style=\"background-color: #FFE5B4; padding: 10px; border-radius: 5px;\"><span style=\"color: #FFE5B4;\"><\/span> Tampere<\/div>\n        <div style=\"background-color: #DCD0FF; padding: 10px; border-radius: 5px;\"><span style=\"color: #DCD0FF;\"><\/span> Turku<\/div>\n        <div style=\"background-color: #40E0D0; padding: 10px; border-radius: 5px;\"><span style=\"color: #87CEEB;\"><\/span> Oulu<\/div>\n        <div style=\"background-color: #F0E68C; padding: 10px; border-radius: 5px;\"><span style=\"color: #F0E68C;\"><\/span> Kuopio<\/div>\n        <div style=\"background-color: #FFA07A; padding: 10px; border-radius: 5px;\"><span style=\"color: #FFA07A;\"><\/span> Jyv\u00e4skyl\u00e4<\/div>\n        <div style=\"background-color: #BDB76B; padding: 10px; border-radius: 5px;\"><span style=\"color: #BDB76B;\"><\/span> Lahti<\/div>\n        <div style=\"background-color: #DEB887; padding: 10px; border-radius: 5px;\"><span style=\"color: #DEB887;\"><\/span> Pori<\/div>\n        <div style=\"background-color: #B8860B; padding: 10px; border-radius: 5px;\"><span style=\"color: #B8860B;\"><\/span> Joensuu<\/div>\n        <div style=\"background-color: #9FE2BF; padding: 10px; border-radius: 5px;\"><span style=\"color: #9FE2BF;\"><\/span> Kouvola<\/div>\n        <div style=\"background-color: #E6E6FA; padding: 10px; border-radius: 5px;\"><span style=\"color: #B0C4DE;\"><\/span> Lappeenranta<\/div>\n        <div style=\"background-color: #D8BFD8; padding: 10px; border-radius: 5px;\"><span style=\"color: #D8BFD8;\"><\/span> Vaasa<\/div>\n        <div style=\"background-color: #CDC9C9; padding: 10px; border-radius: 5px;\"><span style=\"color: #CDC9C9;\"><\/span> H\u00e4meenlinna<\/div>\n        <div style=\"background-color: #BCEE68; padding: 10px; border-radius: 5px;\"><span style=\"color: #BCEE68;\"><\/span> Sein\u00e4joki<\/div>\n        <div style=\"background-color: #FFC1C1; padding: 10px; border-radius: 5px;\"><span style=\"color: #FFC1C1;\"><\/span> Rovaniemi<\/div>\n        <div style=\"background-color: #C1FFC1; padding: 10px; border-radius: 5px;\"><span style=\"color: #C1FFC1;\"><\/span> Mikkeli<\/div>\n\n\n\n<p>Sivustoa yll\u00e4pit\u00e4\u00e4 Jussi Gustafsson (<a href=\"mailto:jussi@ekkuli.net\">jussi@ekkuli.net<\/a>)<\/p>\n\n\n\n<p><\/p>\n\n\n<div class=\"r34ics-ajax-container loading\" id=\"r69f8bda21a8703c\" data-view=\"month\" data-view-is-list-style=\"0\" data-view-is-list-long=\"0\" data-args=\"7cd7438c605c857af93c0fffc6e0877a1b566eec\" data-js-args=\"{&quot;debug&quot;:null}\">&nbsp;<\/div>\n","protected":false},"excerpt":{"rendered":"<p>T\u00e4lt\u00e4 sivulta l\u00f6yd\u00e4t k\u00e4tev\u00e4sti stand up -keikat ymp\u00e4ri Suomen! Tapahtumapaikan nime\u00e4 klikkaamalla n\u00e4et Google Maps -hakutuloksen paikan nimell\u00e4. Klikkamalla kunkin tapahtuman alla olevaa Facebook-linkki\u00e4 n\u00e4et t\u00e4ydet tapahtumatiedot. Haluatko oman Stand &#8230;<\/p>\n","protected":false},"author":1,"featured_media":25,"parent":0,"menu_order":0,"comment_status":"closed","ping_status":"closed","template":"template-fullwidth.php","meta":{"footnotes":""},"class_list":["post-6","page","type-page","status-publish","has-post-thumbnail","hentry"],"_links":{"self":[{"href":"https:\/\/www.standupsuomi.com\/index.php\/wp-json\/wp\/v2\/pages\/6","targetHints":{"allow":["GET"]}}],"collection":[{"href":"https:\/\/www.standupsuomi.com\/index.php\/wp-json\/wp\/v2\/pages"}],"about":[{"href":"https:\/\/www.standupsuomi.com\/index.php\/wp-json\/wp\/v2\/types\/page"}],"author":[{"embeddable":true,"href":"https:\/\/www.standupsuomi.com\/index.php\/wp-json\/wp\/v2\/users\/1"}],"replies":[{"embeddable":true,"href":"https:\/\/www.standupsuomi.com\/index.php\/wp-json\/wp\/v2\/comments?post=6"}],"version-history":[{"count":14,"href":"https:\/\/www.standupsuomi.com\/index.php\/wp-json\/wp\/v2\/pages\/6\/revisions"}],"predecessor-version":[{"id":68,"href":"https:\/\/www.standupsuomi.com\/index.php\/wp-json\/wp\/v2\/pages\/6\/revisions\/68"}],"wp:featuredmedia":[{"embeddable":true,"href":"https:\/\/www.standupsuomi.com\/index.php\/wp-json\/wp\/v2\/media\/25"}],"wp:attachment":[{"href":"https:\/\/www.standupsuomi.com\/index.php\/wp-json\/wp\/v2\/media?parent=6"}],"curies":[{"name":"wp","href":"https:\/\/api.w.org\/{rel}","templated":true}]}}